y i?
3
Let h(x) = x**3 - 7*x**2 + 3*x - 10. What is the remainder when h(7) is divided by 3?
2
What is the remainder when (-190)/(-16) - 12/(-96) is divided by 3?
0
Suppose -5*k - b + 45 = 0, -2*k + 35 = -k - 5*b. Let d(x) = x + 3. Calculate the remainder when 25 is divided by d(k).
12
Let s(l) be the second derivative of l**4/12 - 2*l**3/3 + 3*l**2/2 - 3*l. Calculate the remainder when 42 is divided by s(6).
12
Let h(k) = -4*k**2 + 4*k**2 + 0 + k**2 - 6 + 5*k. Let v be h(-6). Suppose 2*g = -v*g + 74. What is the remainder when g is divided by 10?
7
Let g = -52 + 76. Let m be (6/(-5))/((-4)/10). Suppose -4*n = -2*r - g, 4*n - m*r - 16 = 6. What is the remainder when 26 is divided by n?
5
Let h be ((-56)/21)/((-2)/18). Let b = 43 - h. Calculate the remainder when 54 is divided by b.
16
Let m be (-4)/((-8)/6) - -11. Calculate the remainder when 5 is divided by (-3)/(-7) + 36/m.
2
Let x be (-23)/(-5) + 4/10. Suppose 5*y - 340 = -10*w + 5*w, -x*y = 0. Let v = -40 + w. What is the remainder when v is divided by 10?
8
Let g = 125 + -88. Let s = 22 - 9. What is the remainder when g is divided by s?
11
What is the remainder when (-368 + 0)/(-4) + -1 - -2 is divided by 16?
13
Let j = 5 + -6. Let q be (-9)/(-2)*j*6. Let o = 40 + q. What is the remainder when 24 is divided by o?
11
Let y = -10 - -4. Let x(a) = a**2 + 6*a + 3. Let q be x(y). Suppose -4*g - 2 = 5*r, 0*g + 1 = 5*r + q*g. What is the remainder when r is divided by 2?
0
Let s(o) = 6*o + 19. Calculate the remainder when 131 is divided by s(0).
17
Let f = 5 + -3. What is the remainder when 7 is divided by f?
1
Let u be (7/4)/(2/(-8)). Suppose 9*q + 9 - 45 = 0. What is the remainder when 1*u*(2 - 3) is divided by q?
3
Let c(s) = s**3 + 9*s**2 + 10*s + 9. Calculate the remainder when c(-6) is divided by (-3)/8*2*-20.
12
Let o(p) be the third derivative of p**6/120 - p**5/20 + 5*p**4/24 - p**3/3 - 3*p**2. Calculate the remainder when 25 is divided by o(3).
12
Suppose -6*x = -2*x - 116. Calculate the remainder when x is divided by (-97)/(-6) + 3/(-18).
13
Let l(q) = q**3 - q**2 - 3*q + 3. Let t be l(3). Let k be t/15*(-10)/(-4). Suppose 2*i - k = -0. What is the remainder when 2 is divided by i?
0
Let l(p) = p + 8. Suppose 4*x - 5*x = -2. Suppose -2*o - 15 = x*o - 3*v, -4*v + 20 = -4*o. Calculate the remainder when 15 is divided by l(o).
7
Calculate the remainder when 51 is divided by 3/((54/52)/9).
25
Suppose -5*g + 143 = -82. Calculate the remainder when g is divided by 23.
22
Let f(c) = 62*c**2. Let j be f(-1). Suppose 0 = -3*u - 5*v + j, 0 = -3*v + 3. What is the remainder when u is divided by 7?
5
Suppose 3*p - 15 = 6. Suppose p*c - 70 = 2*c. What is the remainder when 54 is divided by c?
12
Let b be (-16 - 2)*6/(-9). Suppose b = -5*o - 3. Let v(i) = -i**3 + 2*i**2 + 4*i + 2. What is the remainder when v(o) is divided by 12?
11
Suppose 3*n + 3*i = 4*n + 26, -3*n = -4*i + 73. Let p = n - -14. Let s = 26 - p. What is the remainder when s is divided by 18?
17
Let n(b) = -2*b - 24. Suppose -y + 12 = 2*y. Suppose -40 = -y*p + 4*z + 36, 0 = p + z - 9. Calculate the remainder when p is divided by n(-16).
6
What is the remainder when (-201)/(-7) + (-18)/(-63) is divided by 16?
13
Let n = -18 + 39. Suppose 6*p - 3*p - 4*h - 33 = 0, -3*p + h = -33. Calculate the remainder when n is divided by p.
10
What is the remainder when (32 - 14) + (2 - 0) is divided by 4?
0
Let d = 62 - 48. Suppose 4*a = 5*q - 9, -2*q - 3*q + 33 = 2*a. What is the remainder when d is divided by a?
2
Suppose 2*l = -3*w + 7, -w - 5*l = 3*w. Suppose 0 = 2*p + 15 + 15. Let z = p + 23. Calculate the remainder when z is divided by w.
3
Let x(q) = 3*q**2 - 2. What is the remainder when 27 is divided by x(-2)?
7
Let q(z) = -z. Calculate the remainder when q(-3) is divided by 3.
0
Let n = 13 + -23. Let y be n - (1 - 0 - 1). Let o = 35 + y. What is the remainder when o is divided by 9?
7
Let x be 4/(((-15)/(-6))/(-5)). Let w be (2/2)/((-5)/(-235)). Let l = w + x. Calculate the remainder when l is divided by 14.
11
Suppose -4*r + 0*r + 29 = -z, 0 = -4*r + 4*z + 44. Let p = r - 4. Calculate the remainder when p is divided by 2.
0
Let q(i) = -i**2 - 12*i - 10. Let f be q(-11). Let g(l) = -f + 2 + 33*l**2 + 4*l**2 - 4*l**2. Calculate the remainder when g(1) is divided by 18.
16
Let d be ((-3)/(-6))/(1/10). Suppose 3*n - 3*g - 97 = 2*g, -n = -d*g - 19. What is the remainder when n is divided by 14?
11
Let m(x) = -x**3 - x**2 + x + 1. Let p be m(-1). Suppose p = 3*f - 2*f - 14. What is the remainder when f is divided by 5?
4
Let o(c) = -c**3 + 11*c**2 + c - 1. Suppose 4*n - 7 = 9. What is the remainder when o(11) is divided by n?
2
Suppose -3 = -4*w + 33. What is the remainder when 25 is divided by w?
7
Let f(x) = -5*x - 40. Calculate the remainder when 36 is divided by f(-11).
6
Suppose 5*p + 2*a - 153 = 0, 3*p = 5*p - a - 54. What is the remainder when 85 is divided by p?
27
Let z(w) = -7*w + 2. Let t be z(-8). Suppose p + p = t. Suppose -p - 47 = -4*b. What is the remainder when b is divided by 10?
9
Let d(j) = -j**3 - 8*j**2 - 8*j - 3. Let l = 125 + -81. Let n = 65 - l. Calculate the remainder when d(-8) is divided by n.
19
Let x be 2*1*(-3)/(-6). Suppose 3*o - 14 = x. Suppose -5*z + 239 = 3*y, -o*z + 243 = -y + 2*y. Calculate the remainder when z is divided by 17.
15
Suppose 4*c - 27 - 33 = 0. What is the remainder when 73 is divided by c?
13
Let f be -7 - (-3)/(5 + -2). Let m = -3 - f. Suppose 2*x + 5 = -c + 45, -m*c - 111 = -5*x. Calculate the remainder when x is divided by 11.
10
What is the remainder when 55 is divided by 4 + (32/(-3))/((-20)/30)?
15
Calculate the remainder when 53/4 - 4/16 is divided by 24/(-20)*40/(-12).
1
Suppose -5*k - 5*r + 35 = 0, 4*k = -3*r + r + 18. Let h = k + 29. Let c = 33 + -17. What is the remainder when h is divided by c?
15
Let t = 14 - 5. Suppose 0 = d + w - t, -9 = 4*d - 6*w + w. Calculate the remainder when (-2 - (-9)/6)*-10 is divided by d.
1
Suppose 5*s - 9 = 1. Suppose -2*t - 5*d + 36 = 0, 0 = t - 2*t - s*d + 19. What is the remainder when t is divided by -3 - (-44)/(0 - -4)?
7
Let a(z) = 2*z**2 + 13*z + 13. What is the remainder when 15 is divided by a(-6)?
1
Suppose -3*d + d + 8 = 0. Calculate the remainder when 6 is divided by d.
2
Suppose -m = k + 4*k - 9, -25 = -5*k - 5*m. Suppose 5*v - v + 4*t = 20, -3*t = 5*v - 15. Suppose -j - 2 + 3 = v. What is the remainder when j is divided by k?
0
Let z = -12 + 1. Let k = z - -40. Suppose -4 = -2*d, -2*u = -u - 5*d. What is the remainder when k is divided by u?
9
Let b(n) = -2*n**2 + 51*n - 18. Calculate the remainder when b(21) is divided by 44.
39
Let j(y) = -y**3 - 8*y**2 + y + 47. Calculate the remainder when j(-8) is divided by (-3)/(1 + (-8)/7).
18
Let c be ((0 - -2) + -5)/(-1). Suppose 2*u = c + 5. Suppose -20 = -r - 2*r + a, 5*a - 20 = -5*r. What is the remainder when r is divided by u?
2
Let o(i) = 7*i - 31. Calculate the remainder when 6 is divided by o(5).
2
Let l(u) = -4*u + 8. Calculate the remainder when l(-6) is divided by 12.
8
Suppose -49 = -4*p + j - 2*j, 5*j - 14 = p. Suppose 0 = 6*t - 0*t - 186. What is the remainder when t is divided by p?
9
Suppose z - 5 = 6. What is the remainder when 64 is divided by z?
9
Let y be 48*((-2)/4 + 1). Let i = -9 + y. What is the remainder when i is divided by 8?
7
Let f(s) = -3*s. Let m be -1 + 11 - 2 - -2. Let k be 1/5 - 32/m. Calculate the remainder when 17 is divided by f(k).
8
What is the remainder when 57 is divided by (-10)/(-32)*4*12?
12
Suppose 0 = -10*g + 15*g - 50. Suppose -1 + 16 = -3*q, -5*s + g = -q. What is the remainder when s is divided by 1?
0
Suppose -4*y = 2*s - 7*s + 25, -2*s + 10 = -4*y. Let i = 5 + y. Suppose 3*p + 44 = i*g - 171, -25 = 5*p. Calculate the remainder when g is divided by 14.
12
Suppose 6*r = 2*r - 5*f + 140, -r + 28 = 3*f. Suppose 6*n + 20 = b + 5*n, 0 = b + 3*n - r. Calculate the remainder when b is divided by 13.
12
Suppose -2*j + 25 = -9. Let r(u) = -u**2 + 10*u - 19. What is the remainder when j is divided by r(5)?
5
Let s = -17 + 93. Calculate the remainder when s is divided by 26.
24
Let y(g) = g**3 + 15*g**2 - 18*g - 20. What is the remainder when 44 is divided by y(-16)?
8
Suppose i - 7 = -3*j, 9 = 5*j - 0*i + 3*i. Calculate the remainder when j is divi